281.
33
What is the greatest common factor of 978 and 5322?
6
What is the greatest common divisor of 1216 and 32357?
19
Calculate the greatest common divisor of 36 and 3009444.
12
Calculate the highest common divisor of 187 and 74052.
187
Calculate the highest common divisor of 797727 and 168.
21
Calculate the highest common factor of 735 and 2597.
49
Calculate the greatest common divisor of 73 and 73073.
73
Calculate the highest common divisor of 7650 and 747.
9
Calculate the greatest common divisor of 2232 and 657.
9
Calculate the highest common factor of 3094886 and 178.
178
What is the highest common factor of 656 and 5520?
16
What is the greatest common factor of 18 and 274?
2
What is the greatest common factor of 85892 and 28?
4
What is the highest common divisor of 220 and 15807?
11
What is the greatest common factor of 111024 and 8481?
771
What is the highest common factor of 286032 and 2208?
48
Calculate the greatest common factor of 168 and 4977.
21
Calculate the greatest common divisor of 45 and 4.
1
What is the highest common divisor of 66022 and 902?
22
What is the highest common divisor of 2534 and 938?
14
What is the highest common factor of 108 and 6507?
27
What is the greatest common divisor of 99785 and 1890?
35
Calculate the highest common divisor of 3610 and 75430.
190
What is the highest common divisor of 17562 and 162?
6
What is the highest common factor of 84411 and 18?
9
Calculate the greatest common divisor of 53371 and 19.
19
What is the highest common divisor of 701518 and 38?
38
What is the greatest common factor of 885 and 3717?
177
Calculate the greatest common divisor of 385 and 19075.
35
What is the highest common divisor of 684 and 291726?
342
What is the greatest common divisor of 52564 and 68?
68
Calculate the greatest common divisor of 2535 and 14235.
195
What is the highest common factor of 424 and 2120?
424
What is the highest common divisor of 217038 and 366?
366
Calculate the highest common divisor of 3234 and 19866.
462
What is the greatest common factor of 5518 and 62?
62
What is the greatest common factor of 1693792 and 246?
82
What is the greatest common factor of 87 and 2704047?
87
What is the greatest common factor of 2 and 16943?
1
What is the highest common factor of 15 and 161795?
5
Calculate the highest common divisor of 325 and 2679365.
65
Calculate the highest common factor of 18 and 339714.
18
Calculate the greatest common factor of 2396 and 43727.
599
Calculate the greatest common factor of 189571 and 17287.
293
What is the highest common divisor of 5136 and 103362?
642
What is the greatest common divisor of 920 and 1270?
10
What is the highest common factor of 12164 and 16?
4
Calculate the greatest common factor of 26422 and 682.
22
What is the greatest common factor of 1386 and 19074?
66
What is the greatest common factor of 287723 and 214?
107
What is the greatest common factor of 20 and 2681020?
20
Calculate the greatest common factor of 14826 and 1302.
42
What is the greatest common divisor of 1098 and 23180?
122
Calculate the greatest common factor of 13797 and 4088.
511
What is the highest common factor of 3315780 and 45?
45
Calculate the highest common divisor of 99302 and 6228.
346
Calculate the highest common divisor of 202469 and 2139.
23
What is the greatest common factor of 24 and 34554?
6
What is the greatest common factor of 16399 and 3703?
529
What is the greatest common divisor of 21 and 731052?
21
What is the highest common divisor of 72 and 3114?
18
What is the greatest common divisor of 3519 and 16218?
153
What is the highest common factor of 2212 and 160528?
316
What is the greatest common factor of 900 and 1275570?
90
What is the highest common divisor of 903 and 1737071?
301
Calculate the greatest common divisor of 38394 and 2430.
486
What is the highest common divisor of 96 and 257?
1
What is the greatest common divisor of 319 and 15346771?
319
Calculate the greatest common divisor of 214 and 130219.
107
What is the highest common divisor of 13607 and 583?
11
Calculate the highest common divisor of 830338 and 114.
38
Calculate the greatest common divisor of 732 and 181292.
244
What is the greatest common divisor of 1036 and 4847?
37
What is the highest common factor of 10923 and 330?
33
What is the greatest common divisor of 44 and 8446438?
22
What is the highest common factor of 26 and 86957?
13
What is the greatest common factor of 10932278 and 28?
14
What is the greatest common divisor of 2771 and 6443?
17
What is the highest common divisor of 43920 and 20?
20
What is the greatest common factor of 96 and 63264?
96
Calculate the highest common factor of 12 and 346044.
12
What is the highest common divisor of 87 and 865447?
29
What is the greatest common divisor of 9528 and 21041?
397
Calculate the highest common divisor of 232 and 443497.
29
What is the highest common factor of 313568 and 40672?
1312
Calculate the highest common factor of 1023 and 12210.
33
What is the greatest common factor of 132 and 1936836?
132
Calculate the highest common factor of 20 and 26755.
5
Calculate the greatest common factor of 73325 and 2700.
25
Calculate the greatest common divisor of 25531 and 1331.
121
Calculate the highest common factor of 14098 and 296590.
266
Calculate the greatest common factor of 7212002 and 28.
14
What is the greatest common factor of 40830 and 120?
30
What is the greatest common divisor of 576 and 138924?
36
What is the highest common divisor of 25 and 36070?
5
Calculate the greatest common divisor of 118 and 22.
2
Calculate the highest common divisor of 5476 and 2368.
148
What is the greatest common divisor of 622041 and 266?
133
What is the greatest common factor of 165 and 59739?
3
Calculate the highest common divisor of 1944 and 11638728.
1944
Calculate the highest common factor of 7998 and 2883.
93
What is the highest common factor of 34 and 147458?
34
What is the greatest common divisor of 1267 and 67513?
181
Calculate the greatest common factor of 77 and 345807.
77
Calculate the highest common divisor of 101969 and 126.
7
Calculate the greatest common divisor of 54 and 68562.
18
Calculate the greatest common factor of 104 and 207558.
26
What is the greatest common divisor of 31 and 569377?
31
What is the greatest common factor of 23766 and 714?
102
Calculate the highest common factor of 2429030 and 115.
115
Calculate the highest common divisor of 766 and 525859.
383
What is the highest common divisor of 704 and 66704?
176
What is the greatest common divisor of 35269 and 871?
13
Calculate the greatest common factor of 1470 and 1492932.
294
What is the highest common divisor of 91 and 2431?
13
Calculate the greatest common divisor of 2244 and 9372.
132
What is the highest common divisor of 53 and 77274?
53
What is the highest common factor of 22 and 5192?
22
What is the greatest common divisor of 42 and 2514942?
6
What is the highest common factor of 20 and 113780?
20
Calculate the highest common divisor of 855 and 14459.
19
What is the greatest common divisor of 127162 and 868?
434
Calculate the highest common divisor of 1215 and 14415.
15
Calculate the greatest common factor of 142836 and 84.
12
Calculate the highest common factor of 125 and 31.
1
What is the greatest common divisor of 2880 and 54048?
96
Calculate the highest common divisor of 992821 and 111.
37
Calculate the highest common divisor of 334 and 44.
2
Calculate the greatest common divisor of 1755 and 3834.
27
Calculate the greatest common factor of 187194 and 18.
6
What is the greatest common divisor of 910 and 3878?
14
Calculate the highest common factor of 1383001 and 51.
17
Calculate the highest common factor of 8 and 5596312.
8
Calculate the highest common divisor of 14 and 15907.
1
Calculate the highest common divisor of 3275 and 25.
25
What is the highest common divisor of 4608 and 1356?
12
Calculate the greatest common factor of 200 and 101150.
50
What is the greatest common divisor of 6220 and 1708?
4
Calculate the greatest common divisor of 125800 and 153.
17
What is the highest common factor of 4236 and 24357?
1059
Calculate the greatest common factor of 60046 and 14.
14
Calculate the highest common factor of 121708 and 2.
2
What is the greatest common factor of 7443 and 